97 + -489. Let z = 2685 + p. Is z a composite number?
False
Suppose a - 5 = 0, 3*h + 4437 = -2*a - a. Let c be -3 + (1 - (2 - 1)). Is (-2)/(((-24)/h)/c) a composite number?
True
Let u = -5243 - -9034. Is u composite?
True
Suppose m = -114 - 139. Let t = 474 + m. Is t a composite number?
True
Suppose -2*r - 8 = -6*r, -11109 = -p - 2*r. Is p a prime number?
False
Let p = 3 + 1. Suppose p*z = -259 + 791. Is z prime?
False
Let q = 12 + -9. Suppose 7*t = q*t. Suppose 0*p - p + 109 = t. Is p a prime number?
True
Suppose 3*w = -4*w + 616. Let s = 31 + w. Is s a composite number?
True
Suppose -p - 4*a = -715, 2*p + 3*a = 8*a + 1404. Is p a prime number?
False
Suppose -3*x - 2 = -4*x. Suppose 0 = 4*h - 2*y - 3726, -336 = x*h - 5*y - 2219. Is h composite?
False
Suppose -44*n = -45*n + k + 4564, -2*n - 3*k + 9113 = 0. Is n a prime number?
True
Let m(f) = 17*f**2 + 5*f + 11 - 7 - f. Is m(-3) a prime number?
False
Suppose -2*o - 390 = -5*n, 3*n - 2*o = 2*o + 234. Let b = -81 - n. Is 1/(-4 + (-639)/b) prime?
True
Let s(r) = r**2 - 2*r + 3. Let m be s(2). Suppose -10 + 22 = m*q. Suppose 0 = 2*x + 6, -n + q*n - 258 = -x. Is n composite?
True
Suppose -g - 4*r = -1091, 128*r - 130*r = g - 1089. Is g composite?
False
Suppose p - 2486 = -4*d - 194, -2288 = -p - 2*d. Let b = 3507 - p. Suppose n = -t - 4*n + 282, 4*t - b = -n. Is t a composite number?
False
Let o(z) = -1408*z**3 + 2*z**2 + z. Let y be o(-1). Suppose -17*k + 18*k = y. Is k a prime number?
True
Let h be ((-8)/3)/(10/(-15)). Suppose -3*x - 2*g + 180 = -x, 3*x = -h*g + 275. Is x composite?
True
Let q(r) = -15*r - 134. Let m be q(-21). Suppose 9 = -l + 5*i, -7*i - 9 = -4*l - 2*i. Suppose o - m = l. Is o a prime number?
False
Suppose 0 = -r + 10 + 36. Let s = r - 86. Let b = s + 75. Is b prime?
False
Is (-7)/(-1) + -7 - 8858/(-2) a prime number?
False
Suppose x - 9 = -4*l, -4*x + 3*l = 6*l + 29. Let m = x - -16. Suppose -599 = -3*w - 2*z, 0 = m*w - 3*z - z - 1035. Is w a composite number?
True
Suppose 4*s = 5*s + 3*p - 379, -1113 = -3*s + 3*p. Is s prime?
True
Let z(i) = 8*i**2 - 41*i + 118. Is z(11) composite?
True
Suppose -10*j + 6*j = -8. Suppose m - 3*w + 3284 = j*m, 0 = -4*m + 2*w + 13066. Is m a prime number?
False
Let b(o) = -168*o**3 + 2*o**2 - 2. Let i be b(-2). Suppose -2*g + i = -2*x, 3*g - 1360 = g - 3*x. Is g composite?
False
Suppose -945 - 1422 = -3*n. Is n composite?
True
Let q(b) = -b**2 + b + 3. Suppose x + 2 - 5 = 0. Let d be q(x). Is ((-185)/10)/(d/6) prime?
True
Is (-212836)/(-44) - 4/22 a prime number?
False
Suppose 0 = -9*q + 59618 + 3733. Is q prime?
True
Let w = -7300 + 11191. Is w prime?
False
Let q(s) = s**3 - s**2 - s + 21. Suppose 5*f + 7 + 3 = -5*d, 5*d = 3*f + 6. Let v be q(d). Is (v - (2 + -2)) + -2 prime?
True
Let l(h) = -989*h - 163. Is l(-14) composite?
True
Let h(a) = 4487*a + 334. Is h(5) a prime number?
True
Suppose 17770 = 60*i - 13970. Is i composite?
True
Suppose 3*j + 4*x = 885, -9*j + 3*x = -4*j - 1446. Is j a composite number?
True
Let u be (-4)/14 - 150/(-35). Suppose -u*t - z = -12, 6 + 0 = -5*t + 4*z. Suppose o - 41 = t*k, 3*o - 137 = 4*k - 16. Is o prime?
False
Suppose 20*g = -5*n + 18*g + 109565, 3*n - 65708 = 5*g. Is n composite?
False
Suppose -2*f + r + 615 = 0, -f - r + 320 = -4*r. Let v = f + -144. Is v composite?
True
Let p(t) = 79*t**2 + t - 1. Suppose 5*g + 30 = 5*a, 0*a - a + 4*g = -9. Is p(a) composite?
False
Let j = -13 + 10. Let t be j/(-9) - 6/(-9). Is (t*-1)/((-13)/689) composite?
False
Let y(m) = m**3 + 19*m**2 + 19*m - 2. Let n be y(-18). Suppose -h + 2*o = -39, -h + o - 42 = -2*h. Let x = n + h. Is x a prime number?
False
Let j(i) = -19*i**3 + 5*i**2 + 23*i + 18. Is j(-7) composite?
False
Let i be 2/(-8) + (-123)/(-12). Let r(c) be the third derivative of c**4/12 - 5*c**3/3 + 14*c**2. Is r(i) prime?
False
Suppose 12*w + 3868 = 12496. Suppose -l = 4*f - 555, -2*l + w + 378 = -5*f. Is l a composite number?
True
Let o be (6/36 + (-34)/60)*-595. Suppose 2*d + t = 246, -2*d + 4*t = 3*t - o. Is d prime?
False
Let y(q) = -2*q - 205. Let v be y(0). Let d = 428 + v. Is d a composite number?
False
Suppose 4*k - 6 = 6. Suppose -3 + 30 = 3*l - k*f, -5 = f. Suppose -4*y - 5*v + 114 = 0, -l*y + 38 = 2*v - 70. Is y prime?
False
Suppose 0 = 13*y - 18*y - 30. Let i be (1076/(-8))/(3/y). Suppose -2*w + 0*a + 264 = 2*a, 2*w - i = -3*a. Is w a composite number?
False
Suppose 2*v + 4543 = 3*w, 0 = 3*w - v - 1928 - 2619. Is w composite?
True
Let s(x) = 6*x - 3. Let d be s(2). Let h = d - 1. Suppose 0 = -10*z + h*z + 174. Is z composite?
True
Is (43/(-86))/((-1)/4402) a composite number?
True
Let b(c) = 2 + 13*c**2 + 23*c**2 - c**3 - 37*c**2. Let s be b(-3). Suppose 3*d - 1501 = -4*z, d + s = -3*d. Is z prime?
True
Let j = -19 - -27. Let v be ((-36)/(-24))/(1/j). Is ((-1688)/v)/(10/(-15)) prime?
True
Is -4468*(-3)/(12/11) composite?
True
Let p be 523/1 + -1 + 1. Let b = p - 362. Is b a composite number?
True
Let d(b) = -81*b - 109. Is d(-20) a prime number?
True
Let v = 133 - 127. Suppose 0 = -v*x + 29429 - 8051. Is x a composite number?
True
Suppose -20 + 5 = -5*y. Suppose -y*s = -2*k + 3 + 3, 4*k - 12 = -s. Suppose -166 = -k*l + l. Is l a prime number?
True
Let u = -298 + 551. Suppose -4*g = -v - 457, 4*g + v = -u + 700. Is g a prime number?
True
Suppose 0 = -2*s - 4*i + 10 + 12, -s + 19 = 4*i. Suppose 3*o = 2*n - 15, 5*n - o + s*o - 9 = 0. Suppose n*h = -h + 412. Is h a prime number?
True
Let n(z) = -89*z**3 - 4*z**2 + z - 5. Let t be n(-4). Suppose -2157 = 2*a - t. Is a a prime number?
True
Suppose c - c = 3*c. Is (1 + 768)*(c - (-5)/5) a prime number?
True
Let o = 60 - 61. Is 1*o/5 - (-3371)/5 a prime number?
False
Is 14618/6 - (70/30 + -3) composite?
False
Let n be 4 + -3 - -2 - 3. Let q = n + 6. Let y(x) = 2*x**3 - 6*x**2 + 7*x - 7. Is y(q) a prime number?
True
Let b(x) be the second derivative of x**5/20 + 2*x**4/3 + x**3 - x**2/2 + 6*x. Let l be b(-5). Let i = l + 67. Is i composite?
True
Is 18*(-13)/(-819) - (-50494)/14 a prime number?
True
Let i(a) = 5*a - 2. Let r be (5 - 3) + 0 + 3. Suppose 0 = 2*b - r - 5. Is i(b) a composite number?
False
Suppose -3*t + x + 58584 = 0, 5*t - x = -0*t + 97642. Is t a composite number?
True
Let u(a) = 812*a - 249. Is u(4) a prime number?
True
Let i be ((-30)/(-5))/(-2 - -1). Let f(d) = -d**2 - 46 + 2*d**2 + 43. Is f(i) a composite number?
True
Let t(l) = 31*l - 22. Let f = -10 - -19. Is t(f) a prime number?
True
Suppose 34*o - 190140 = 14*o. Is o a prime number?
False
Let f(n) be the first derivative of n**4/4 - 19*n**3/3 - 27*n**2/2 + 22*n - 28. Is f(21) a prime number?
True
Let i = -4 + 2. Let f(x) = -3*x + 179*x**2 - 3 + x - x. Is f(i) a composite number?
False
Let j = 56 - 55. Let p(b) = 410*b + 3. Is p(j) composite?
True
Let w(f) = -19816*f + 587. Is w(-9) a composite number?
False
Let q(l) = 467*l**2 - 2*l + 1. Let n be q(3). Is 2*(-1)/(-4)*n prime?
True
Suppose -o + 5*j = -9886, 0 = -2*o - 2*o + 3*j + 39595. Is o prime?
True
Let u(l) = 7*l**3 - 4*l + 23. Is u(6) a composite number?
False
Let c(r) be the first derivative of r**4/4 + 2*r**3/3 + 3*r**2 + 7*r + 1. Let g(a) = a**2 - 18*a + 51. Let v be g(15). Is c(v) composite?
False
Let h(i) = i - 8. Let l be h(8). Suppose m + 24 = -4*r, l = -2*r - 0*r - 2*m - 18. Is 529 + (2 - (-3 - r)) composite?
True
Let z = 1734 - -39421. Is z a composite number?
True
Suppose -q = -5*b - 35 + 3, 4 = 2*q. Is (-938)/b + (-24)/(-36) a composite number?
False
Suppose -2*g = 5*f + 10 - 34, -5*g + 5*f = 10. Suppose 522 = 5*d - g*d. Suppose 0 = 2*x - 460 - d. Is x prime?
True
Suppose 5*d - 4*r - 10205 = 0, 8*r - 12*r + 6155 = 3*d. Is d prime?
False
Let z be (3/(-24)*4)/((-1)/2). Is 409/(z - 0/5) composite?
False
Let o(m) = -2*m - 2 + 9*m - 2 - 3. Is o(12) composite?
True
Let q be (10/3 + -3)*(-6 - -6). Suppose q = -g + 3, -1093 = -t - 0*t - 2*g. Is t composite?
False
Let s = -38156 - -53845. Is s a composite number?
True
Is ((-39)/6 - -3)/((-39)/562146) a prime number?
False
Let d be (-5)/(-50) - -1*11667/30. Let h = 39 + -101. Let l = d + h. Is l a composite number?
True
Suppose 2*v = -y + 48593, 0 = 5*y - y - 5*v - 194346. Is y a prime number?
True
Is (3/2)/((-39)/(-52442))*7 composite?
True
Suppose 0 = -9*b + 291902 + 783499. Is b prime?
True
Let c(g) = -103*g + 44*g - 1 - 129*